(v) be the first derivative of -v**4/12 + 7*v**2/2 - 6*v + 8. Let w(n) be the first derivative of j(n). Suppose 2*t + 1 + 1 = 0, 2*z - t = 1. Give w(z).
7
Let j(d) = -d**2 - 2*d - 1. Let l(f) = 2*f**3 + 5*f**2 + 6*f + 2. Let x be l(-4). Let z = -45 - x. Suppose 2*k - 10 = 5*h, 0 = -3*h - 2*h - k - z. What is j(h)?
-9
Let j(d) be the third derivative of d**7/84 - d**6/360 + d**4/24 + 10*d**3/3 + 124*d**2. Let w(k) be the first derivative of j(k). What is w(-1)?
-10
Suppose -297*c = -340*c. Let r(w) be the third derivative of 21*w**2 - 1/6*w**3 + c + 0*w + 1/8*w**4. Give r(-7).
-22
Let c(q) = 1 - 15*q + 2 - 3. Suppose 5*f - 4*k + 13 = -4, -9 = -3*k. Calculate c(f).
15
Let k = -99 + 57. Let w = k - -45. Let u(f) be the second derivative of -f**4/4 + f**3/6 + f. Give u(w).
-24
Let x(r) = -24*r - 96. Let p(n) = 49*n + 191. Let i(f) = 6*p(f) + 13*x(f). Let y be i(-6). Let c(v) = v**2 - 5*v + 3. What is c(y)?
9
Suppose 4*x - 5*k - 8 = -59, -k = -3. Let b(l) be the second derivative of l**3/2 + 13*l**2/2 + 4783*l. What is b(x)?
-14
Let p(v) = -98*v**3 + 12*v**2 + 27*v + 3. Let f(z) = -87*z**3 + 12*z**2 + 27*z + 2. Let i(b) = -9*f(b) + 8*p(b). Calculate i(-9).
6
Let u(w) = -w**3 - 8*w**2 + 16*w + 20. Let d be u(-10). Suppose 19*i + 79 = d. Let m(r) = 6*r**2 - 2*r - 1. Calculate m(i).
7
Let q(b) = 5*b**2 + 19 + 88*b - 4*b**2 - b**2 + 2*b**2 - 4*b**2. Determine q(44).
19
Let q(l) be the second derivative of l**5/20 - 13*l**4/6 + 25*l**3/6 - 6*l**2 - 43*l - 19. What is q(25)?
-12
Let f(v) be the third derivative of -v**6/120 + 11*v**5/60 - 13*v**4/24 + 13*v**3/6 - v**2. Suppose -4*j - 2*k + 44 = 34, -8*k - 90 = 3*j. Calculate f(j).
-17
Let w(d) = -11*d - 1. Let x(f) = -120*f - 172. Let i(n) = 12*w(n) - x(n). Give i(14).
-8
Let m(a) = a**2 - 4*a + 5. Let b(s) = 52*s. Let w be b(-1). Let t = w - -47. Let p(v) = v**2 - 3*v + 4. Let q(g) = t*m(g) + 6*p(g). Give q(-2).
-1
Let h = 806 - 796. Let v(z) = h + 0*z**2 - z - z**2 - z - 2*z + 0. Determine v(-6).
-2
Suppose -4*j - 42 = 5*l, 870 = 2*j + 5*l + 896. Let p(s) = 9*s + 48. Calculate p(j).
-24
Let w(i) = -i - 32. Let p(g) = 5*g + 65. Let f(t) = -3*p(t) - 5*w(t). Let x be f(-5). Let a(v) = -2*v + 35. What is a(x)?
5
Let j(h) = 15*h - 147. Let o be j(10). Let w(m) = 11*m**3 + 22*m**3 - 3*m - 34*m**o + 4*m**2. Determine w(2).
2
Suppose -75*w = -80*w + 35. Let y(j) = 4*j**2 + 28*j + 24. Let b be 9/(-6)*28/6. Let u(n) = -n**2 - 9*n - 8. Let v(g) = b*u(g) - 2*y(g). Determine v(w).
8
Let i(p) = -p - 13. Suppose 5*m - 57 = -0*m + 4*s, 5*s = 10. Suppose 2*f = -m*f + 540. Suppose 8*a - 4*a + f = 0. Determine i(a).
-4
Let n(m) be the first derivative of -m**4/12 - 8*m**3/3 - 19*m**2/2 - 149*m - 49. Let j(u) be the first derivative of n(u). Calculate j(-15).
-4
Let d(s) = -s**3 - 5*s**2 - 2*s - 4. Suppose -5*z - 5*u = -z - 167, -2*z = u - 79. Suppose -2*j - 70 = -4*p + z, j - 5*p = -39. Let n = -69 - j. Calculate d(n).
6
Let f(u) = 10*u**3 - u**2 + 1. Let s(p) = p**3 - 19*p**2 + 26. Let g be s(19). Suppose 3*r = -n + 1 - 17, -n - 5*r - g = 0. Give f(n).
-10
Suppose -w - 2*w = 0. Suppose w = y - 5 + 12. Let r(v) be the third derivative of -v**4/24 - 4*v**3/3 - 25*v**2 - 1. Determine r(y).
-1
Suppose 29*q = -191 - 70. Let x(p) be the first derivative of -p**4/4 - 10*p**3/3 - 13*p**2/2 - 6*p - 28. Calculate x(q).
30
Let c(o) = -2*o**2 + 36*o + 8. Let l(u) = -u**2 + 38*u + 11. Let n(w) = 5*c(w) - 4*l(w). Give n(5).
-14
Let w = 19 + -15. Let f(g) = -1 + 42 - g - w*g. Let x be f(9). Let d(i) = -4*i + 2. What is d(x)?
18
Let q = -389 - -387. Let b(n) = 2*n**2 + 12*n + 5. Let g be b(q). Let x(o) = o + 14. Calculate x(g).
3
Let p(m) = -m**2 + 8*m - 10. Suppose 4*q + 4 = 0, -21*q + 16*q = 5*c - 20. Determine p(c).
5
Let v(a) = a**3 - 21*a**2 + 3*a + 46. Let h be (-120)/((-216)/18) - (3 - 14). Give v(h).
109
Let q be -4*100/(-64)*16. Suppose 0 = -85*z + q*z - 30. Let s(p) = 2*p**2 - 1. Determine s(z).
7
Suppose -89*i = -76*i - 429. Suppose i = -4*t + 73. Let z(o) = o**2 - 14*o + 36. Give z(t).
-4
Let m(w) be the second derivative of 1/20*w**5 + 57*w + 1/6*w**3 + 1/4*w**4 + 0 + 1/2*w**2. What is m(-3)?
-2
Let z(s) = -6*s + 3. Suppose 59 - 191 = 4*v. Let m = v + 36. Let h be (0 + m - 3) + 2. Give z(h).
-9
Let j(x) be the third derivative of x**5/60 + x**4/12 + x**3/6 + 2*x**2. Let i(g) = -29*g - 16. Let h be i(3). Let a = h + 101. What is j(a)?
1
Let u(r) be the first derivative of 1/4*r**4 + 2/3*r**3 + 25 - 1/2*r**2 - 2*r. Give u(-2).
0
Suppose 3*v - 4*a = 35, 254*v = 249*v + 5*a + 50. Let z(c) = -2*c**2 + 22*c - 52. Determine z(v).
8
Let g(x) = -12*x**2 + 51*x - 506. Let u(o) = 3*o**2 - 13*o + 131. Let a(c) = -7*g(c) - 27*u(c). Suppose 0 = 5*r - 10*r + 20. Determine a(r).
29
Let w(d) be the first derivative of d - 36 - 1/3*d**3 + 5/2*d**2. Suppose 144*x + 15 = 147*x. What is w(x)?
1
Let j = -12 - -7. Let f(l) = 25*l**2 + 6*l + 7. Let z(s) = 6*s**2 - s + 1. Let g(u) = -3*u - 7. Let o be g(-1). Let h(t) = o*z(t) + f(t). Determine h(j).
-22
Let r(d) = -5394*d + 10787*d - 5394*d + 6. Let q(o) = -2*o - 44. Let m(x) = -x - 15. Let p(v) = -8*m(v) + 3*q(v). Let g(w) = 3*p(w) + 7*r(w). Calculate g(6).
0
Suppose -25*g - 3*g = 2*g + 90. Let w(p) = -6*p**2 + 7*p - 5. Calculate w(g).
-80
Let q(i) = i**3 - 13*i**2 - 14*i + 15. Let x be q(14). Let r be (-102)/x*10/4. Let m(s) = s**3 + 18*s**2 + 18*s + 24. Give m(r).
7
Let i(p) = 317*p**2 - 133*p**2 - 23*p - 74 - 185*p**2. What is i(-18)?
16
Let w(p) be the first derivative of -p**3/3 - p**2 - 8*p - 240. What is w(0)?
-8
Let f(o) = -2*o**3 + 6*o**2 + 4*o - 1. Let t be f(3). Let q(s) = s - 32. What is q(t)?
-21
Let i(l) = -l**2 + 2*l - 2. Let f = 27 - 71. Suppose 22*a = 19*a + 138. Let q = a + f. Give i(q).
-2
Let t(h) = -3*h**2 - 11*h + 12. Let q(n) = 4*n**2 + 11*n - 12. Let c(g) = -4*q(g) - 5*t(g). Let b be 140*(-2)/(-32) - (-1)/4. Determine c(b).
6
Let a(s) = -3*s + 2. Let q(y) = -22*y - 47. Let k(i) = 7*i + 16. Let u(o) = 14*k(o) + 4*q(o). Let m be u(-4). Determine a(m).
14
Let a(y) = -2*y**2 - 16*y - 20. Let z(o) = 3*o**2 + 23*o + 24. Let m(w) = 5*a(w) + 4*z(w). Give m(-9).
50
Suppose 4*p = -12, -5*u = -0*u + 3*p + 394. Let n be (4 - 2) + -4 - u. Let m = n - 81. Let i(z) = -z**3 - 6*z**2 + 3*z + 6. Calculate i(m).
-12
Suppose 0 = -10*h + 17*h - 14. Suppose 20 = h*w + 6. Let p(n) = -n**2 + 5*n. Give p(w).
-14
Let y(j) be the first derivative of -1/4*j**4 - 9*j + 5/3*j**3 + 5/2*j**2 - 270. Determine y(6).
-15
Let c(g) = 11*g + g**3 + 7*g**2 - 1 - 2 + 4*g**2. Let v be 1/9*(1015 - 1105). What is c(v)?
-13
Let y = -232 + 235. Let o(j) = -j**2 + j + 1. Let t(a) = -a**3 + 7*a**2 - 5*a. Let p(d) = y*o(d) + t(d). What is p(3)?
6
Let m(j) = -8*j**3 - 6*j**2 - 9*j - 3. Let y be (-4)/7 + ((-24)/7)/8. Determine m(y).
8
Suppose 0 = -9*y + 1 + 35. Let n(z) = -y*z - 4 - 2*z**2 - 3 + 4 + 1. Let u = 4 - 8. Calculate n(u).
-18
Suppose 66 = 2*l + 9*l. Let a(v) = -117*v**2 + 101*v**2 - v + 10 + 7*v**3 - l*v**3. What is a(16)?
-6
Let i(t) = t**2 - 10*t - 10. Let z be i(10). Let x be ((-312)/(-20))/((-3)/(-5)). Let g(h) = 6*h + x - 15 + 8 - 5*h + 0. Calculate g(z).
9
Let k(a) = -4*a**3 + 18*a**2 - 28*a + 27. Let p(r) = 7*r**3 - 36*r**2 + 53*r - 55. Let j(t) = 5*k(t) + 3*p(t). Determine j(17).
4
Suppose 4*l = 5*p - 3, -38 = -102*l + 106*l + 2*p. Let g(z) = -z**3 - 6*z**2 + 11*z + 12. Calculate g(l).
-16
Let w(p) = 209 - 20*p + 211 - 413 + 18*p + 16*p. Determine w(-2).
-21
Let a(k) = 16*k - 27. Let x(w) = 14*w - 23. Let n(y) = 6*a(y) - 7*x(y). Suppose 0 = -17*t - 46 - 5. What is n(t)?
5
Let r be 2/5*(35 + -55). Let j(v) = v**3 - 7*v**2 - 9*v + 5. Let a(s) = 3*s**3 - 13*s**2 - 18*s + 9. Let g(b) = -2*a(b) + 5*j(b). What is g(r)?
15
Suppose u + c = 3, 67*c - 27 = -4*u + 68*c. Let a(z) = -3 + 1 + 5 - z - 2. Determine a(u).
-5
Let y(q) be the second derivative of -q**5/20 - q**4/2 - 2*q**3/3 - 7*q**2/2 - 109*q. Calculate y(-6).
17
Let a(w) = w**2 + 9*w - 6. Suppose -9*f - 52 = 109 - 71. What is a(f)?
4
Suppose 0 = 2*o + 3*y - 16, 7*o = 6*o - 4*y + 18. Let t(q) = 16*q + 6. What is t(o)?
38
Let a(o) = 10*o**2 - 4*o**3 + 5*o**3 + o**2 + 9*o - 13. Let w be -10*((-28)/(-30) - (-274)/4110). Give a(w).
-3
Let d(y) = 6*y**2 + 9*y**2 - 30*y**2 - 5 - 5*y + 3 + 14*y**2. Suppose 0 = -3*h + 2*t - 13, 3*h + t = -5 - 2. Determine d